{"id":486,"date":"2026-04-28T09:59:25","date_gmt":"2026-04-28T07:59:25","guid":{"rendered":"https:\/\/mwmb-dienstleistungen.de\/v2\/about\/"},"modified":"2026-05-02T11:06:36","modified_gmt":"2026-05-02T09:06:36","slug":"wir","status":"publish","type":"page","link":"https:\/\/mwmb-dienstleistungen.de\/v2\/wir\/","title":{"rendered":"Wir"},"content":{"rendered":"\t\t<div data-elementor-type=\"wp-page\" data-elementor-id=\"486\" class=\"elementor elementor-486\">\n\t\t\t\t<div class=\"elementor-element elementor-element-f970f8c e-con-full e-flex e-con e-parent\" data-id=\"f970f8c\" data-element_type=\"container\" data-e-type=\"container\" data-settings=\"{&quot;background_background&quot;:&quot;classic&quot;}\">\n\t\t<div class=\"elementor-element elementor-element-35dd33f e-con-full e-flex e-con e-child\" data-id=\"35dd33f\" data-element_type=\"container\" data-e-type=\"container\">\n\t\t\t\t<div class=\"elementor-element elementor-element-88e0589 elementor-widget elementor-widget-heading\" data-id=\"88e0589\" data-element_type=\"widget\" data-e-type=\"widget\" data-widget_type=\"heading.default\">\n\t\t\t\t<div class=\"elementor-widget-container\">\n\t\t\t\t\t<h1 class=\"elementor-heading-title elementor-size-default\">Wer sind Wir?<\/h1>\t\t\t\t<\/div>\n\t\t\t\t<\/div>\n\t\t\t\t<div class=\"elementor-element elementor-element-be060fd elementor-widget elementor-widget-heading\" data-id=\"be060fd\" data-element_type=\"widget\" data-e-type=\"widget\" data-widget_type=\"heading.default\">\n\t\t\t\t<div class=\"elementor-widget-container\">\n\t\t\t\t\t<h2 class=\"elementor-heading-title elementor-size-default\">Ihr zuverl\u00e4ssiger Partner f\u00fcr Haushaltsentlastung, Alltagsbegleitung und Hausmeisterservices.<\/h2>\t\t\t\t<\/div>\n\t\t\t\t<\/div>\n\t\t\t\t<\/div>\n\t\t\t\t<\/div>\n\t\t<div class=\"elementor-element elementor-element-e911eb2 e-flex e-con-boxed e-con e-parent\" data-id=\"e911eb2\" data-element_type=\"container\" data-e-type=\"container\" data-settings=\"{&quot;background_background&quot;:&quot;classic&quot;}\">\n\t\t\t\t\t<div class=\"e-con-inner\">\n\t\t<div class=\"elementor-element elementor-element-52804a9 e-con-full e-flex e-con e-child\" data-id=\"52804a9\" data-element_type=\"container\" data-e-type=\"container\">\n\t\t\t\t<div class=\"elementor-element elementor-element-ad8eae2 elementor-widget elementor-widget-image\" data-id=\"ad8eae2\" data-element_type=\"widget\" data-e-type=\"widget\" data-widget_type=\"image.default\">\n\t\t\t\t<div class=\"elementor-widget-container\">\n\t\t\t\t\t\t\t\t\t\t\t\t\t\t\t<img fetchpriority=\"high\" decoding=\"async\" width=\"800\" height=\"800\" src=\"https:\/\/mwmb-dienstleistungen.de\/v2\/wp-content\/uploads\/2026\/05\/wir_zeichnung.webp\" class=\"attachment-full size-full wp-image-1789\" alt=\"Entlastung im Alltag, Entlastung im Haushalt, Begleitung im Alltag, Unterst\u00fctzung in privaten Haushalten, Tel.: 03594 7979620, ab Pflegegrad 1 in Arnsdorf, Bautzen, Bischofswerda, Bretnig-Hauswalde, Burkau, Doberschau-Gau\u00dfig, Elstra, Frankenthal, G\u00f6da, Gro\u00dfharthau, Gro\u00dfpostwitz\/Oberlausitz, Gro\u00dfr\u00f6hrsdorf, Kamenz, Neukirch\/Lausitz, Neustadt i. S., Neschwitz, Oppach, Ottendorf-Okrilla, Panschwitz-Kuckau, Pulsnitz, Puschwitz, Radeberg, Rammenau, R\u00e4ckelwitz, Schm\u00f6lln-Putzkau, Sebnitz, Uhyst a. T., Wachau, Wilthen; MW &amp; MB Dienstleistungen Bischofswerda, mail[a|t]mwmb-dienstleistungen.de\" srcset=\"https:\/\/mwmb-dienstleistungen.de\/v2\/wp-content\/uploads\/2026\/05\/wir_zeichnung.webp 800w, https:\/\/mwmb-dienstleistungen.de\/v2\/wp-content\/uploads\/2026\/05\/wir_zeichnung-300x300.webp 300w, https:\/\/mwmb-dienstleistungen.de\/v2\/wp-content\/uploads\/2026\/05\/wir_zeichnung-150x150.webp 150w, https:\/\/mwmb-dienstleistungen.de\/v2\/wp-content\/uploads\/2026\/05\/wir_zeichnung-768x768.webp 768w\" sizes=\"(max-width: 800px) 100vw, 800px\" title=\"Wir\">\t\t\t\t\t\t\t\t\t\t\t\t\t\t\t<\/div>\n\t\t\t\t<\/div>\n\t\t\t\t<div class=\"elementor-element elementor-element-271121d elementor-widget elementor-widget-image\" data-id=\"271121d\" data-element_type=\"widget\" data-e-type=\"widget\" data-widget_type=\"image.default\">\n\t\t\t\t<div class=\"elementor-widget-container\">\n\t\t\t\t\t\t\t\t\t\t\t\t\t\t\t<img decoding=\"async\" width=\"800\" height=\"800\" src=\"https:\/\/mwmb-dienstleistungen.de\/v2\/wp-content\/uploads\/2026\/05\/fuhrparkplatzhalter.webp\" class=\"attachment-full size-full wp-image-1787\" alt=\"Entlastung im Alltag, Entlastung im Haushalt, Begleitung im Alltag, Unterst\u00fctzung in privaten Haushalten, Tel.: 03594 7979620, ab Pflegegrad 1 in Arnsdorf, Bautzen, Bischofswerda, Bretnig-Hauswalde, Burkau, Doberschau-Gau\u00dfig, Elstra, Frankenthal, G\u00f6da, Gro\u00dfharthau, Gro\u00dfpostwitz\/Oberlausitz, Gro\u00dfr\u00f6hrsdorf, Kamenz, Neukirch\/Lausitz, Neustadt i. S., Neschwitz, Oppach, Ottendorf-Okrilla, Panschwitz-Kuckau, Pulsnitz, Puschwitz, Radeberg, Rammenau, R\u00e4ckelwitz, Schm\u00f6lln-Putzkau, Sebnitz, Uhyst a. T., Wachau, Wilthen; MW &amp; MB Dienstleistungen Bischofswerda, mail[a|t]mwmb-dienstleistungen.de\" srcset=\"https:\/\/mwmb-dienstleistungen.de\/v2\/wp-content\/uploads\/2026\/05\/fuhrparkplatzhalter.webp 800w, https:\/\/mwmb-dienstleistungen.de\/v2\/wp-content\/uploads\/2026\/05\/fuhrparkplatzhalter-300x300.webp 300w, https:\/\/mwmb-dienstleistungen.de\/v2\/wp-content\/uploads\/2026\/05\/fuhrparkplatzhalter-150x150.webp 150w, https:\/\/mwmb-dienstleistungen.de\/v2\/wp-content\/uploads\/2026\/05\/fuhrparkplatzhalter-768x768.webp 768w\" sizes=\"(max-width: 800px) 100vw, 800px\" title=\"Wir\">\t\t\t\t\t\t\t\t\t\t\t\t\t\t\t<\/div>\n\t\t\t\t<\/div>\n\t\t\t\t<\/div>\n\t\t<div class=\"elementor-element elementor-element-a960193 e-con-full e-flex e-con e-child\" data-id=\"a960193\" data-element_type=\"container\" data-e-type=\"container\">\n\t\t\t\t<div class=\"elementor-element elementor-element-cfde377 elementor-widget elementor-widget-heading\" data-id=\"cfde377\" data-element_type=\"widget\" data-e-type=\"widget\" data-widget_type=\"heading.default\">\n\t\t\t\t<div class=\"elementor-widget-container\">\n\t\t\t\t\t<h5 class=\"elementor-heading-title elementor-size-default\">Unsere Geschichte<\/h5>\t\t\t\t<\/div>\n\t\t\t\t<\/div>\n\t\t\t\t<div class=\"elementor-element elementor-element-11d738e elementor-widget elementor-widget-heading\" data-id=\"11d738e\" data-element_type=\"widget\" data-e-type=\"widget\" data-widget_type=\"heading.default\">\n\t\t\t\t<div class=\"elementor-widget-container\">\n\t\t\t\t\t<h2 class=\"elementor-heading-title elementor-size-default\">Wir fangen da an, wo andere aufh\u00f6ren.<\/h2>\t\t\t\t<\/div>\n\t\t\t\t<\/div>\n\t\t\t\t<div class=\"elementor-element elementor-element-f13b8de elementor-widget elementor-widget-text-editor\" data-id=\"f13b8de\" data-element_type=\"widget\" data-e-type=\"widget\" data-widget_type=\"text-editor.default\">\n\t\t\t\t<div class=\"elementor-widget-container\">\n\t\t\t\t\t\t\t\t\t<p data-path-to-node=\"4\"><b data-path-to-node=\"4\" data-index-in-node=\"0\">Alles begann mit einer einfachen Beobachtung hier bei uns in der Heimat:<\/b> Viele Menschen m\u00f6chten so lange wie m\u00f6glich in ihren eigenen vier W\u00e4nden bleiben. Doch oft fehlt im Alltag die entscheidende helfende Hand \u2013 sei es bei der Gartenpflege, im Haushalt oder als vertraute Begleitung zum Arzt.<\/p><p data-path-to-node=\"5\">Aus dieser Beobachtung wuchs der Entschluss von uns, <b data-path-to-node=\"5\" data-index-in-node=\"53\">Frau Walpert und Herrn Brand<\/b>, im Jahr 2024 ein Unternehmen zu gr\u00fcnden, das genau diese L\u00fccke schlie\u00dft. Wir wollten weg von der anonymen Abfertigung gro\u00dfer Ketten und hin zu einer pers\u00f6nlichen, ehrlichen Unterst\u00fctzung auf Augenh\u00f6he. Was uns dabei auszeichnet? Wir bringen \u00fcber ein <b data-path-to-node=\"5\" data-index-in-node=\"333\">Jahrzehnt Erfahrung<\/b> aus der Geb\u00e4udereinigung und dem Hausmeisterdienst mit \u2013 wir wissen also genau, worauf es bei der Pflege und dem Erhalt eines Zuhauses ankommt.<\/p><p data-path-to-node=\"6\"><b data-path-to-node=\"6\" data-index-in-node=\"0\">Rasant gewachsen \u2013 aber immer bodenst\u00e4ndig geblieben.<\/b> Was als kleine Idee in Bischofswerda startete, hat sich durch das Vertrauen unserer Kunden rasant entwickelt. Heute leiten wir stolz ein Team aus engagierten Mitarbeitern, die unsere Werte teilen. Trotz unseres Wachstums ist eines geblieben: Das Erstgespr\u00e4ch f\u00fchren wir nach wie vor pers\u00f6nlich. Denn wir glauben fest daran, dass Vertrauen nicht durch Vertr\u00e4ge entsteht, sondern durch echtes Zuh\u00f6ren und ein nettes Gespr\u00e4ch am K\u00fcchentisch.<\/p><p data-path-to-node=\"7\"><b data-path-to-node=\"7\" data-index-in-node=\"0\">Offiziell anerkannt und regional verwurzelt.<\/b> Heute sind wir als <b data-path-to-node=\"7\" data-index-in-node=\"64\">zertifizierter Partner der Pflegekassen<\/b> (anerkannt nach \u00a7 45a SGB XI) im Umkreis von 30 km rund um Bischofswerda f\u00fcr Sie unterwegs. Das bedeutet f\u00fcr Sie: Wir k\u00f6nnen unsere Leistungen direkt mit Ihrer Pflegekasse abrechnen und Sie so auch finanziell entlasten. Wir sind mit Herz, Verstand und der Liebe zur Oberlausitz f\u00fcr Sie da.<\/p>\t\t\t\t\t\t\t\t<\/div>\n\t\t\t\t<\/div>\n\t\t\t\t<\/div>\n\t\t\t\t\t<\/div>\n\t\t\t\t<\/div>\n\t\t<div class=\"elementor-element elementor-element-d51b340 e-flex e-con-boxed e-con e-parent\" data-id=\"d51b340\" data-element_type=\"container\" data-e-type=\"container\" data-settings=\"{&quot;background_background&quot;:&quot;classic&quot;}\">\n\t\t\t\t\t<div class=\"e-con-inner\">\n\t\t<div class=\"elementor-element elementor-element-227d647 e-con-full e-flex e-con e-child\" data-id=\"227d647\" data-element_type=\"container\" data-e-type=\"container\">\n\t\t\t\t<div class=\"elementor-element elementor-element-5ac6555 elementor-widget elementor-widget-heading\" data-id=\"5ac6555\" data-element_type=\"widget\" data-e-type=\"widget\" data-widget_type=\"heading.default\">\n\t\t\t\t<div class=\"elementor-widget-container\">\n\t\t\t\t\t<h5 class=\"elementor-heading-title elementor-size-default\">Unsere Werte<\/h5>\t\t\t\t<\/div>\n\t\t\t\t<\/div>\n\t\t\t\t<div class=\"elementor-element elementor-element-ee898b2 elementor-widget elementor-widget-heading\" data-id=\"ee898b2\" data-element_type=\"widget\" data-e-type=\"widget\" data-widget_type=\"heading.default\">\n\t\t\t\t<div class=\"elementor-widget-container\">\n\t\t\t\t\t<h2 class=\"elementor-heading-title elementor-size-default\">Unsere t\u00e4gliche Arbeit wird von unseren Werten getragen.<\/h2>\t\t\t\t<\/div>\n\t\t\t\t<\/div>\n\t\t<div class=\"elementor-element elementor-element-31fb570 e-flex e-con-boxed e-con e-child\" data-id=\"31fb570\" data-element_type=\"container\" data-e-type=\"container\">\n\t\t\t\t\t<div class=\"e-con-inner\">\n\t\t<div class=\"elementor-element elementor-element-b53ae8d e-con-full e-flex e-con e-child\" data-id=\"b53ae8d\" data-element_type=\"container\" data-e-type=\"container\" data-settings=\"{&quot;background_background&quot;:&quot;classic&quot;}\">\n\t\t\t\t<div class=\"elementor-element elementor-element-d2e165f elementor-widget elementor-widget-heading\" data-id=\"d2e165f\" data-element_type=\"widget\" data-e-type=\"widget\" data-widget_type=\"heading.default\">\n\t\t\t\t<div class=\"elementor-widget-container\">\n\t\t\t\t\t<h4 class=\"elementor-heading-title elementor-size-default\">Menschlichkeit<\/h4>\t\t\t\t<\/div>\n\t\t\t\t<\/div>\n\t\t\t\t<div class=\"elementor-element elementor-element-a8483fc elementor-widget elementor-widget-text-editor\" data-id=\"a8483fc\" data-element_type=\"widget\" data-e-type=\"widget\" data-widget_type=\"text-editor.default\">\n\t\t\t\t<div class=\"elementor-widget-container\">\n\t\t\t\t\t\t\t\t\t<p>Wir begegnen jedem Kunden mit echter Herzlichkeit und nehmen uns Zeit f\u00fcr ein Gespr\u00e4ch.<\/p>\t\t\t\t\t\t\t\t<\/div>\n\t\t\t\t<\/div>\n\t\t\t\t<\/div>\n\t\t<div class=\"elementor-element elementor-element-d9cbd54 e-con-full e-flex e-con e-child\" data-id=\"d9cbd54\" data-element_type=\"container\" data-e-type=\"container\" data-settings=\"{&quot;background_background&quot;:&quot;classic&quot;}\">\n\t\t\t\t<div class=\"elementor-element elementor-element-6ae9471 elementor-widget elementor-widget-heading\" data-id=\"6ae9471\" data-element_type=\"widget\" data-e-type=\"widget\" data-widget_type=\"heading.default\">\n\t\t\t\t<div class=\"elementor-widget-container\">\n\t\t\t\t\t<h4 class=\"elementor-heading-title elementor-size-default\">Zuverl\u00e4ssigkeit<\/h4>\t\t\t\t<\/div>\n\t\t\t\t<\/div>\n\t\t\t\t<div class=\"elementor-element elementor-element-95c2eb8 elementor-widget elementor-widget-text-editor\" data-id=\"95c2eb8\" data-element_type=\"widget\" data-e-type=\"widget\" data-widget_type=\"text-editor.default\">\n\t\t\t\t<div class=\"elementor-widget-container\">\n\t\t\t\t\t\t\t\t\t<p>P\u00fcnktlichkeit und die gewissenhafte Ausf\u00fchrung unserer Aufgaben sind f\u00fcr uns Ehrensache.<\/p>\t\t\t\t\t\t\t\t<\/div>\n\t\t\t\t<\/div>\n\t\t\t\t<\/div>\n\t\t\t\t\t<\/div>\n\t\t\t\t<\/div>\n\t\t<div class=\"elementor-element elementor-element-60cd633 e-flex e-con-boxed e-con e-child\" data-id=\"60cd633\" data-element_type=\"container\" data-e-type=\"container\">\n\t\t\t\t\t<div class=\"e-con-inner\">\n\t\t<div class=\"elementor-element elementor-element-a2f054a e-con-full e-flex e-con e-child\" data-id=\"a2f054a\" data-element_type=\"container\" data-e-type=\"container\" data-settings=\"{&quot;background_background&quot;:&quot;classic&quot;}\">\n\t\t\t\t<div class=\"elementor-element elementor-element-96721ac elementor-widget elementor-widget-heading\" data-id=\"96721ac\" data-element_type=\"widget\" data-e-type=\"widget\" data-widget_type=\"heading.default\">\n\t\t\t\t<div class=\"elementor-widget-container\">\n\t\t\t\t\t<h4 class=\"elementor-heading-title elementor-size-default\">Vertrauen<\/h4>\t\t\t\t<\/div>\n\t\t\t\t<\/div>\n\t\t\t\t<div class=\"elementor-element elementor-element-a98a16d elementor-widget elementor-widget-text-editor\" data-id=\"a98a16d\" data-element_type=\"widget\" data-e-type=\"widget\" data-widget_type=\"text-editor.default\">\n\t\t\t\t<div class=\"elementor-widget-container\">\n\t\t\t\t\t\t\t\t\t<p>Als zertifizierter Partner bieten wir Ihnen Sicherheit durch geschultes und versichertes Personal.<\/p>\t\t\t\t\t\t\t\t<\/div>\n\t\t\t\t<\/div>\n\t\t\t\t<\/div>\n\t\t<div class=\"elementor-element elementor-element-a17bb93 e-con-full e-flex e-con e-child\" data-id=\"a17bb93\" data-element_type=\"container\" data-e-type=\"container\" data-settings=\"{&quot;background_background&quot;:&quot;classic&quot;}\">\n\t\t\t\t<div class=\"elementor-element elementor-element-f5e8ea6 elementor-widget elementor-widget-heading\" data-id=\"f5e8ea6\" data-element_type=\"widget\" data-e-type=\"widget\" data-widget_type=\"heading.default\">\n\t\t\t\t<div class=\"elementor-widget-container\">\n\t\t\t\t\t<h4 class=\"elementor-heading-title elementor-size-default\">Entlastung<\/h4>\t\t\t\t<\/div>\n\t\t\t\t<\/div>\n\t\t\t\t<div class=\"elementor-element elementor-element-2264e56 elementor-widget elementor-widget-text-editor\" data-id=\"2264e56\" data-element_type=\"widget\" data-e-type=\"widget\" data-widget_type=\"text-editor.default\">\n\t\t\t\t<div class=\"elementor-widget-container\">\n\t\t\t\t\t\t\t\t\t<p>Unser Ziel ist Ihr Wohlbefinden \u2013 wir nehmen Ihnen die Last des Alltags ab, damit Sie ihn genie\u00dfen k\u00f6nnen.<\/p>\t\t\t\t\t\t\t\t<\/div>\n\t\t\t\t<\/div>\n\t\t\t\t<\/div>\n\t\t\t\t\t<\/div>\n\t\t\t\t<\/div>\n\t\t<div class=\"elementor-element elementor-element-7d3317e e-con-full e-flex e-con e-child\" data-id=\"7d3317e\" data-element_type=\"container\" data-e-type=\"container\">\n\t\t<div class=\"elementor-element elementor-element-3808677 e-con-full e-flex e-con e-child\" data-id=\"3808677\" data-element_type=\"container\" data-e-type=\"container\" data-settings=\"{&quot;background_background&quot;:&quot;classic&quot;}\">\n\t\t\t\t<div class=\"elementor-element elementor-element-7157679 elementor-widget elementor-widget-heading\" data-id=\"7157679\" data-element_type=\"widget\" data-e-type=\"widget\" data-widget_type=\"heading.default\">\n\t\t\t\t<div class=\"elementor-widget-container\">\n\t\t\t\t\t<h4 class=\"elementor-heading-title elementor-size-default\">Respekt<\/h4>\t\t\t\t<\/div>\n\t\t\t\t<\/div>\n\t\t\t\t<div class=\"elementor-element elementor-element-e67953e elementor-widget elementor-widget-text-editor\" data-id=\"e67953e\" data-element_type=\"widget\" data-e-type=\"widget\" data-widget_type=\"text-editor.default\">\n\t\t\t\t<div class=\"elementor-widget-container\">\n\t\t\t\t\t\t\t\t\t<p>Ein w\u00fcrdevoller Umgang mit unseren Kunden und im Team ist das Fundament unserer Arbeit.<\/p>\t\t\t\t\t\t\t\t<\/div>\n\t\t\t\t<\/div>\n\t\t\t\t<\/div>\n\t\t<div class=\"elementor-element elementor-element-d943553 e-con-full e-flex e-con e-child\" data-id=\"d943553\" data-element_type=\"container\" data-e-type=\"container\" data-settings=\"{&quot;background_background&quot;:&quot;classic&quot;}\">\n\t\t\t\t<div class=\"elementor-element elementor-element-b0fb918 elementor-widget elementor-widget-heading\" data-id=\"b0fb918\" data-element_type=\"widget\" data-e-type=\"widget\" data-widget_type=\"heading.default\">\n\t\t\t\t<div class=\"elementor-widget-container\">\n\t\t\t\t\t<h4 class=\"elementor-heading-title elementor-size-default\">Transparenz<\/h4>\t\t\t\t<\/div>\n\t\t\t\t<\/div>\n\t\t\t\t<div class=\"elementor-element elementor-element-4fcc80c elementor-widget elementor-widget-text-editor\" data-id=\"4fcc80c\" data-element_type=\"widget\" data-e-type=\"widget\" data-widget_type=\"text-editor.default\">\n\t\t\t\t<div class=\"elementor-widget-container\">\n\t\t\t\t\t\t\t\t\t<p>Wir haben den Mut, Dinge ehrlich anzusprechen und rechnen fair und direkt mit den Kassen ab.<\/p>\t\t\t\t\t\t\t\t<\/div>\n\t\t\t\t<\/div>\n\t\t\t\t<\/div>\n\t\t\t\t<\/div>\n\t\t\t\t<\/div>\n\t\t\t\t\t<\/div>\n\t\t\t\t<\/div>\n\t\t<div class=\"elementor-element elementor-element-1344e5b e-flex e-con-boxed e-con e-parent\" data-id=\"1344e5b\" data-element_type=\"container\" data-e-type=\"container\" data-settings=\"{&quot;background_background&quot;:&quot;gradient&quot;}\">\n\t\t\t\t\t<div class=\"e-con-inner\">\n\t\t\t\t<div class=\"elementor-element elementor-element-fa01a36 elementor-widget elementor-widget-image\" data-id=\"fa01a36\" data-element_type=\"widget\" data-e-type=\"widget\" data-widget_type=\"image.default\">\n\t\t\t\t<div class=\"elementor-widget-container\">\n\t\t\t\t\t\t\t\t\t\t\t\t\t\t\t<img decoding=\"async\" width=\"768\" height=\"325\" src=\"https:\/\/mwmb-dienstleistungen.de\/v2\/wp-content\/uploads\/2026\/04\/krankenkassenlogos.webp\" class=\"attachment-large size-large wp-image-1426\" alt=\"Entlastung im Alltag, Entlastung im Haushalt, Begleitung im Alltag, Unterst\u00fctzung in privaten Haushalten, Tel.: 03594 7979620, ab Pflegegrad 1 in Arnsdorf, Bautzen, Bischofswerda, Bretnig-Hauswalde, Burkau, Doberschau-Gau\u00dfig, Elstra, Frankenthal, G\u00f6da, Gro\u00dfharthau, Gro\u00dfpostwitz\/Oberlausitz, Gro\u00dfr\u00f6hrsdorf, Kamenz, Neukirch\/Lausitz, Neustadt i. S., Neschwitz, Oppach, Ottendorf-Okrilla, Panschwitz-Kuckau, Pulsnitz, Puschwitz, Radeberg, Rammenau, R\u00e4ckelwitz, Schm\u00f6lln-Putzkau, Sebnitz, Uhyst a. T., Wachau, Wilthen; MW &amp; MB Dienstleistungen Bischofswerda, mail[a|t]mwmb-dienstleistungen.de\" srcset=\"https:\/\/mwmb-dienstleistungen.de\/v2\/wp-content\/uploads\/2026\/04\/krankenkassenlogos.webp 768w, https:\/\/mwmb-dienstleistungen.de\/v2\/wp-content\/uploads\/2026\/04\/krankenkassenlogos-300x127.webp 300w\" sizes=\"(max-width: 768px) 100vw, 768px\" title=\"Wir\">\t\t\t\t\t\t\t\t\t\t\t\t\t\t\t<\/div>\n\t\t\t\t<\/div>\n\t\t\t\t\t<\/div>\n\t\t\t\t<\/div>\n\t\t\t\t<\/div>\n\t\t","protected":false},"excerpt":{"rendered":"<p>Wer sind Wir? Ihr zuverl\u00e4ssiger Partner f\u00fcr Haushaltsentlastung, Alltagsbegleitung und Hausmeisterservices. Unsere Geschichte Wir fangen da an, wo andere aufh\u00f6ren. Alles begann mit einer einfachen Beobachtung hier bei uns in der Heimat: Viele Menschen m\u00f6chten so lange wie m\u00f6glich in ihren eigenen vier W\u00e4nden bleiben. Doch oft fehlt im Alltag die entscheidende helfende Hand \u2013 [&hellip;]<\/p>\n","protected":false},"author":1,"featured_media":0,"parent":0,"menu_order":0,"comment_status":"closed","ping_status":"closed","template":"","meta":{"site-sidebar-layout":"no-sidebar","site-content-layout":"page-builder","ast-site-content-layout":"full-width-container","site-content-style":"unboxed","site-sidebar-style":"unboxed","ast-global-header-display":"","ast-banner-title-visibility":"","ast-main-header-display":"","ast-hfb-above-header-display":"","ast-hfb-below-header-display":"","ast-hfb-mobile-header-display":"","site-post-title":"disabled","ast-breadcrumbs-content":"","ast-featured-img":"disabled","footer-sml-layout":"","ast-disable-related-posts":"","theme-transparent-header-meta":"enabled","adv-header-id-meta":"","stick-header-meta":"","header-above-stick-meta":"","header-main-stick-meta":"","header-below-stick-meta":"","astra-migrate-meta-layouts":"set","ast-page-background-enabled":"default","ast-page-background-meta":{"desktop":{"background-color":"","background-image":"","background-repeat":"repeat","background-position":"center center","background-size":"auto","background-attachment":"scroll","background-type":"","background-media":"","overlay-type":"","overlay-color":"","overlay-opacity":"","overlay-gradient":""},"tablet":{"background-color":"","background-image":"","background-repeat":"repeat","background-position":"center center","background-size":"auto","background-attachment":"scroll","background-type":"","background-media":"","overlay-type":"","overlay-color":"","overlay-opacity":"","overlay-gradient":""},"mobile":{"background-color":"","background-image":"","background-repeat":"repeat","background-position":"center center","background-size":"auto","background-attachment":"scroll","background-type":"","background-media":"","overlay-type":"","overlay-color":"","overlay-opacity":"","overlay-gradient":""}},"ast-content-background-meta":{"desktop":{"background-color":"var(--ast-global-color-5)","background-image":"","background-repeat":"repeat","background-position":"center center","background-size":"auto","background-attachment":"scroll","background-type":"","background-media":"","overlay-type":"","overlay-color":"","overlay-opacity":"","overlay-gradient":""},"tablet":{"background-color":"var(--ast-global-color-5)","background-image":"","background-repeat":"repeat","background-position":"center center","background-size":"auto","background-attachment":"scroll","background-type":"","background-media":"","overlay-type":"","overlay-color":"","overlay-opacity":"","overlay-gradient":""},"mobile":{"background-color":"var(--ast-global-color-5)","background-image":"","background-repeat":"repeat","background-position":"center center","background-size":"auto","background-attachment":"scroll","background-type":"","background-media":"","overlay-type":"","overlay-color":"","overlay-opacity":"","overlay-gradient":""}},"footnotes":""},"class_list":["post-486","page","type-page","status-publish","hentry"],"_links":{"self":[{"href":"https:\/\/mwmb-dienstleistungen.de\/v2\/wp-json\/wp\/v2\/pages\/486","targetHints":{"allow":["GET"]}}],"collection":[{"href":"https:\/\/mwmb-dienstleistungen.de\/v2\/wp-json\/wp\/v2\/pages"}],"about":[{"href":"https:\/\/mwmb-dienstleistungen.de\/v2\/wp-json\/wp\/v2\/types\/page"}],"author":[{"embeddable":true,"href":"https:\/\/mwmb-dienstleistungen.de\/v2\/wp-json\/wp\/v2\/users\/1"}],"replies":[{"embeddable":true,"href":"https:\/\/mwmb-dienstleistungen.de\/v2\/wp-json\/wp\/v2\/comments?post=486"}],"version-history":[{"count":48,"href":"https:\/\/mwmb-dienstleistungen.de\/v2\/wp-json\/wp\/v2\/pages\/486\/revisions"}],"predecessor-version":[{"id":1799,"href":"https:\/\/mwmb-dienstleistungen.de\/v2\/wp-json\/wp\/v2\/pages\/486\/revisions\/1799"}],"wp:attachment":[{"href":"https:\/\/mwmb-dienstleistungen.de\/v2\/wp-json\/wp\/v2\/media?parent=486"}],"curies":[{"name":"wp","href":"https:\/\/api.w.org\/{rel}","templated":true}]}}